prime factors of w?
2, 3, 997
Let x = 49 - 47. Suppose -5*g - o = -2920, -5*o = -x*o. What are the prime factors of 1*2*g/16?
73
Let a(k) = 2*k + 7. Let x be a(15). Suppose -5*n - 5*b + 530 = 0, 2*n - 6*b - 216 = -4*b. Suppose 0 = s - n + x. What are the prime factors of s?
2, 5, 7
Let n be 5702/14 - (-2 + 48/21). Let x be 5*1 - (-10)/(10/(-3)). Suppose 575 = 2*k - 5*o + 172, -o - n = -x*k. List the prime factors of k.
2, 3, 17
Let q(g) = 344*g + 6329. List the prime factors of q(104).
3, 5, 7, 401
Suppose 2*i - 4*r - 14467 - 61395 = 0, 5*i + 5*r = 189715. List the prime factors of i.
11, 3449
Let t(g) = 2*g - 481. Let h be t(0). Let r = 685 + h. Suppose 0 = -m + 4*l + 76, -4*l = m + 3*m - r. What are the prime factors of m?
2, 7
Let j(a) = -a**3 - 9*a**2 - 7*a + 11. Let z be j(-8). Suppose -10 = z*b - 16. Suppose -h + b*h = 126. List the prime factors of h.
2, 3, 7
Suppose 5*q - 134736 = -3*v, q + 37*v - 26944 = 38*v. What are the prime factors of q?
2, 3, 499
Let r(m) = -m**2 + 30*m - 55. Let f be r(28). List the prime factors of f + 0 + (-4 - -1822)/3.
607
Suppose 19*s + 19*s - 24*s - 424186 = 0. What are the prime factors of s?
41, 739
Suppose 5*g - 4*u = 34053, -5*g - 3*u = -7333 - 26706. List the prime factors of g.
11, 619
Let i be (38/(-3))/((-2)/(-6)). Let b = -40 - i. List the prime factors of (-2 + 3)*b + 76.
2, 37
Let r(c) = -3*c + 0*c - 3*c - 12 + 2*c. Let i be r(-6). What are the prime factors of (2 - (-1767)/i) + (-3)/(-4)?
2, 3, 5
Let r be 1144/30 - (5 + 219/(-45)). Let p = 19 + r. Suppose 11*u = 14*u - p. List the prime factors of u.
19
List the prime factors of (-110)/330 + (-118562)/(-6).
2, 5, 13, 19
Suppose 6 = 6*c - 9*c. Let l be (-1 - 0 - 7/c)*2. Suppose -57 = l*g - 1017. What are the prime factors of g?
2, 3
Let z = -228 + 228. Suppose 2*u + 2*h - 2106 = z, 2*u + 3*h - 800 - 1305 = 0. List the prime factors of u.
2, 17, 31
Let n(p) = -3011*p - 3643. What are the prime factors of n(-6)?
14423
Let f = 13915 + -7158. What are the prime factors of f?
29, 233
Let k be (-412)/28 + 4/(-14). Let w = k + 17. Suppose p = -x + 11, -w*p = -p - x - 15. List the prime factors of p.
13
What are the prime factors of (-2344)/2930*331610/(-8)?
33161
Suppose -g = 3*q + g - 6357, -4*g = 2*q - 4238. What are the prime factors of (q + 2)/3 + 3?
2, 5, 71
Let s = 424 - 422. Suppose -4*k = -16, s*l + 2*k + 91 - 977 = 0. What are the prime factors of l?
439
Suppose 0 = -6*h + 2*h, -5*h = -2*x + 4. Suppose x*b + 4*o = 7*b + 139, 4*b + 3*o + 136 = 0. Let v = 2 - b. What are the prime factors of v?
3, 11
Let w(h) be the first derivative of h**2/2 + 29*h + 4. Let u be w(-26). Suppose -u*x - 6 = 0, 0 = -4*q + 2*x + x + 458. List the prime factors of q.
113
Let g = -33939 - -71515. List the prime factors of g.
2, 7, 11, 61
Suppose -168*j + 1356 = -165*j. Suppose y - j = -322. List the prime factors of y.
2, 5, 13
Let t be (10/(-15))/(1/6 - 0). What are the prime factors of 680/2 - (-5 - (t - 0))?
11, 31
Suppose -8 = 7*b + 6. Let g be (b/(-4))/((-4)/(-8472)). List the prime factors of (-1)/4 + g/12.
2, 11
Let t be (1/(-3))/((-24)/72) - 729. Let g = t + 1256. List the prime factors of g.
2, 3, 11
Let b = -704 - -2627. What are the prime factors of b?
3, 641
Suppose -357620 + 58903 - 106571 = -39*q. What are the prime factors of q?
2, 3, 433
Let l(z) = 6*z - 4. Let y be l(5). Let s(t) = -t**3 + 4*t**2 - 9*t + 18. Let p be s(3). Suppose p = v - y - 50. What are the prime factors of v?
2, 19
Let z = 42864 + -21798. List the prime factors of z.
2, 3, 3511
Let h = 57 - 55. Suppose 18 = h*b - 2*o, 3*b - 39 = -0*o - 3*o. Suppose b*d = d + 550. What are the prime factors of d?
5, 11
Let s(x) = 93*x**2 - 31*x + 128. List the prime factors of s(-16).
2, 3, 509
Let f(l) = 10*l**2 - 74*l + 468. List the prime factors of f(22).
2, 5, 23
Suppose 4*o = 3*c + 2, -5*o + 2*o = -3*c. Let r(a) = -3*a**3 - 2*a**c - 74 + 74 + a. List the prime factors of r(-3).
2, 3, 5
Let n be (12 - 8)*(-17)/(-4). Suppose 0 = 2*o - 4*k - 18, 5*o + k - 4*k - n = 0. What are the prime factors of 3 + (o - (-120 - 2))?
2, 3, 7
Let f(m) = 9*m + 7 - 7*m + 0 - 3*m. Let s be f(-3). Suppose s*k = 6*k + 512. List the prime factors of k.
2
Let n = 12 + -14. Let x be (-7)/(21/(-114)) + n/(-1). Suppose -4*y = -3*s - 201 + x, 0 = -4*y - 5*s + 201. What are the prime factors of y?
2, 11
Let g = -141 - 251. What are the prime factors of (-3)/((7/21)/(g/6))?
2, 3, 7
Let b = 128 - 63. Let o = b - 60. List the prime factors of o/((-125)/(-2060)) + (-2)/5.
2, 41
Suppose 3*a - 13 = -1. Suppose 2*j + 198 - 186 = -z, 2*z = 5*j + 48. Suppose -2*h + 878 = 5*f, z*f + 2*h = a*h + 706. List the prime factors of f.
2, 11
Let y(w) = -3*w + 4. Let p be y(5). Let o(h) = h**3 + 12*h**2 + 8*h + 21. Let g be o(p). Suppose 3*b + 0*b - g = 0. List the prime factors of b.
2, 3
Let p(r) = -6*r**3 - 8*r**2 + 19*r + 29. Let v(h) = 5*h**3 + 9*h**2 - 19*h - 28. Let m(x) = 6*p(x) + 7*v(x). List the prime factors of m(10).
2, 3
Let y(a) = 755*a**2 + 310*a - 5. What are the prime factors of y(6)?
5, 5807
Suppose 0 = 39*y - 8980 - 15863. List the prime factors of y.
7, 13
Let t(j) = 241*j - 26. Let a be t(-5). Let o = a + 2010. List the prime factors of o.
19, 41
Let l = -5 + 8. Let m(x) = -l*x**2 + 7*x**2 + 3*x - 1 - 5*x - 1. List the prime factors of m(-2).
2, 3
What are the prime factors of 8 - (-1046078)/51 - -2*(-3)/(-9)?
2, 3, 5, 19
Suppose -23*y + 27910 = -493318 - 305369. List the prime factors of y.
83, 433
Let i(z) = -2*z**3 - 2*z**2 - 1. Let m be i(-2). Suppose -m*o + 2*o + 210 = 0. Let h = o + 130. List the prime factors of h.
2, 43
Let g(a) = a**2 + 18*a - 19. Suppose t - 2 = 4*y - 21, 0 = 4*y + 2*t - 10. Suppose -5*i = -m - 16, m + 22 = 4*i + y. List the prime factors of g(m).
3, 7
Suppose -4*b - 170 = -22. Let i = 26 + b. Let v(p) = p**3 + 12*p**2 - p - 3. What are the prime factors of v(i)?
3, 43
Let y(l) be the third derivative of -13*l**5/30 + l**4/6 + 16*l**3/3 + 37*l**2. Let b(x) be the first derivative of y(x). List the prime factors of b(-3).
2, 5
Suppose -1086*w - 74780 = -1096*w. What are the prime factors of w?
2, 3739
Suppose 2*z - 4*d = -8, 21 = -4*z - d + 4*d. Let n be (-3 + 13/(-1))/(z/15). What are the prime factors of (-124)/(-4 - n/(-12))?
2, 3, 31
Let x(v) = -7928*v**3 + 2*v**2 + 24*v + 22. What are the prime factors of x(-1)?
2, 991
Suppose -14181 = -5*x + 2*l, 4*x - 6497 = -2*l + 4837. Suppose 7*s + x = 22*s. List the prime factors of s.
3, 7
Let s be -4 - -1 - -4 - -1. Suppose -s*g = 3*j - 0*g + 72, 0 = j + 3*g + 24. List the prime factors of 608/(-6)*j/16.
2, 19
Suppose 8996 = -5*b + 4*r, 7053 - 1653 = -3*b + 3*r. Let d = b - -2717. List the prime factors of d.
3, 307
Let h(w) = 183*w**3 + w**2 - 7*w + 4. What are the prime factors of h(3)?
4933
Let m = -4 + 9. Let g be 0 + -2 - (-318 - m). Let n = g - 175. List the prime factors of n.
2, 73
What are the prime factors of 101673/(-22)*(-14)/21?
3, 13, 79
Let g be (-926)/3*(34 - 40). Suppose -2*h - 4*i = -g, -4*h + 4*i - 177 = -3893. What are the prime factors of h?
2, 29
Suppose -4*t = 4*j + j - 3526, j + 3*t = 703. Suppose 2*u - 4*n - 3048 = 0, u - 5*n - j = 812. List the prime factors of u.
2, 191
Let a(v) = v**3 - 18*v**2 + 17*v + 14. Let b be a(17). Suppose 3276 = 7*q + b*q. List the prime factors of q.
2, 3, 13
Let f(g) = 16*g**3 + 4*g**2 - 2*g + 7. Let l(i) = -16*i**3 - 5*i**2 + 3*i - 9. Let k(q) = 7*f(q) + 6*l(q). What are the prime factors of k(3)?
421
Let k = 45 - 42. Suppose 0 = k*g + 32 - 128. Suppose -t = -2*t - 4*n + g, -5*t - 4*n + 80 = 0. List the prime factors of t.
2, 3
Suppose -x = -2*i - 1, 0*i - 3*i + 3*x + 6 = 0. List the prime factors of (553/28)/(i/(-132)).
11, 79
List the prime factors of 216/8 + 13176 - -1*(-3 - -2).
2, 7, 23, 41
List the prime factors of 6/(-22) + (-7280)/(-880) - -444.
2, 113
What are the prime factors of ((-1496)/(-85))/11*9795/12?
2, 653
Let f be (-20)/8*(-12582)/45. Let n = 1007 - f. What are the prime factors of n?
2, 7, 11
Let h(c) be the first derivative of 4*c**3/3 + 6*c**2 + 17*c + 7. Let t be h(-7). Suppose -o + 2 = -3, -5*o = 4*k - t. What are the prime factors of k?
2, 13
Let q(g) = 7*g**2 - 2*g - 5. Let m be q(3). List the prime factors of (-15)/60*m*(-15 - 0).
3, 5, 13
Let q = -13 + 18. Sup